ctors of t(-6)?
3
Suppose t - 2 + 11 = 0. Let o(p) = p - 1. Let k(w) = w**2 + 12*w - 6. Let m(z) = k(z) - 4*o(z). What are the prime factors of m(t)?
7
Let n = -23 - -16. Let g = -6 - n. List the prime factors of 12 + (g - (-2 + 3)).
2, 3
Let l = -4 + 6. Suppose 5*p = 13 + l. List the prime factors of p.
3
Let w(s) = 18*s + 1. Let f be w(1). Let x = 38 - f. What are the prime factors of x?
19
Let i = -20 - -38. Suppose -q + 3*q = i. What are the prime factors of q?
3
What are the prime factors of 240/28*42/4?
2, 3, 5
Let u = 2 + -3. Let o = u + 1. Suppose -2*i + o*i + 2*x + 32 = 0, -3*x + 7 = 2*i. List the prime factors of i.
11
Let c(s) = -1 - 4*s + 4 + 3*s. Let q be c(3). Suppose -h + 4*h - 24 = q. What are the prime factors of h?
2
Suppose -3*g = g - 24. Let t be (-1)/2 + 51/g. Suppose -y + t = y. What are the prime factors of y?
2
Let l(k) = -k**2 - 6*k + 1. List the prime factors of l(-5).
2, 3
Let w = -76 + 135. List the prime factors of w.
59
Let t(h) = -h**3 + 8*h**2 + 5*h - 6. List the prime factors of t(8).
2, 17
Suppose 130 = 5*u - 3*l - 55, 4*l + 60 = 2*u. List the prime factors of u.
2, 5
Let a(r) = -r - 2. Let d be a(-6). Let t(g) = -6*g + 4*g + d*g**2 + 3*g. What are the prime factors of t(-1)?
3
Let j(v) = 5*v - 1. Let n be j(1). Suppose 4 = 2*g - 2, 0 = 4*r + 2*g - 6. Suppose r = 3*t - t - n. What are the prime factors of t?
2
Suppose -3*m + 21 = 4*b + 2, 4*m = b. Let v be (-1)/(-6) + m/(-6). Suppose -2*j = -2*g - v + 2, 0 = 5*g + 5*j - 55. List the prime factors of g.
2, 3
Suppose 4*k - 27 = 3*k - 4*s, s + 30 = 5*k. Let d(a) = -a**2 + 6*a + 5. Let q be d(k). Let m = 4 - q. List the prime factors of m.
2, 3
Let c be -1 - 30/9*6. Let k be 4/2 + -4 - c. Suppose -5*q - 4*h = -6 - 25, -2*h = 3*q - k. List the prime factors of q.
7
Let y = 8 - 8. Suppose y = -4*w + 3*w + 13. List the prime factors of w.
13
Let h(g) = -1 + 0*g + 9*g + 2. List the prime factors of h(1).
2, 5
Let h(a) = -9*a. Let n be 2/(-3) - (-1)/(-3). Let g be h(n). Suppose -g = -3*d + 2*d. List the prime factors of d.
3
Suppose 0*d - r = d - 4, 0 = r + 5. Let y(g) = -g + 8. Let w be y(d). Let n = 1 - w. List the prime factors of n.
2
Let z(h) = -h - 2. Let x be z(2). Let n be ((-2)/x + 0)*8. List the prime factors of (2 + 0)/(n/32).
2
Suppose 2*j - 26 = j. Let a = j + -2. Suppose -5*y + 3*s = -110, 4*s - 4 = -a. List the prime factors of y.
19
Suppose -2*r - 6 = 2*s + 2, s + 4*r - 8 = 0. What are the prime factors of 639/12 + 2/s?
53
Let d = 112 + 160. What are the prime factors of d?
2, 17
Let r(f) = -f**3 - 5*f**2 + 9*f + 4. Let l be r(-7). Let t = l - 27. List the prime factors of t.
2, 3
Let r be (-1)/((-1)/(-5))*-3. Let w = r - 0. What are the prime factors of w?
3, 5
What are the prime factors of 196 - -2 - (-10)/2?
7, 29
Let h = 15 + 30. What are the prime factors of h?
3, 5
Let z(p) = -p + 6. Let t(i) = i - 4. Let r be t(-3). List the prime factors of z(r).
13
Suppose -3*q + 4*q - 47 = 0. List the prime factors of q.
47
Let t(z) = -2*z + 16. Let l be t(-14). List the prime factors of 752/22 - 8/l.
2, 17
Let i(u) = u**3 + 2*u**2 - 4*u - 2. Let m be i(-3). Let x be 25/(-15) + (-2)/(-3). Let a = m - x. List the prime factors of a.
2
Let w(y) = y**3 - y**2 + y - 7. List the prime factors of w(3).
2, 7
Suppose 5*v = 5*k, -3*k = 2*k. What are the prime factors of (-9)/(-3) - v - -15?
2, 3
Let g(t) be the first derivative of t**2/2 + 11*t + 1. List the prime factors of g(-6).
5
Let d = -24 - -191. What are the prime factors of d?
167
Let b(n) = -10*n + 4. What are the prime factors of b(-2)?
2, 3
Let r = -12 + 8. What are the prime factors of r/(-2) - -17 - 2?
17
Let b(z) = -4*z**2 - 4*z - 3. Let v(f) = f**3 - 2*f**2 - 2*f - 1. Let h be v(-1). Let o be b(h). Let n = -2 - o. What are the prime factors of n?
3
Let w = 4 + -2. Suppose -w*u - 5*o + 28 = 0, 2*u = 4*o + 2 - 10. Suppose -u*n + 6 = -m - 4, -2*m + 24 = 3*n. List the prime factors of m.
2, 3
Let x(b) be the third derivative of -3*b**2 + 1/20*b**5 + 0*b - 1/6*b**4 + 0 + 1/120*b**6 - 1/3*b**3. What are the prime factors of x(-3)?
2, 5
Suppose 0 = -2*g - 3*g - 20. What are the prime factors of -3*g/12*4?
2
Let c be 2 - (-120)/3*1. Suppose -5*s + 113 = -c. List the prime factors of s.
31
Suppose 5*o - a + 4*a - 1797 = 0, a - 1432 = -4*o. What are the prime factors of o?
3, 7, 17
Let k = -4 - -7. Suppose -n = -k*n + 24. List the prime factors of n.
2, 3
Let l(v) = 125*v**2 + 3*v - 3. What are the prime factors of l(1)?
5
Let v be 3/12 + (-239)/(-4). Let g = v - 39. List the prime factors of g.
3, 7
Let f(c) = 33*c - 6. What are the prime factors of f(3)?
3, 31
Suppose 0 = 5*k - 4*u - 19, 5*k + 4*u - 12 = u. Suppose -2*h - 18 = 4*x, k*x + 8 = -h - 3. Let o(n) = -6*n - 1. List the prime factors of o(x).
11
Let a be (-5)/((-10)/6) - -1. Suppose -3*i + 5*h + 9 = -12, -a*i = 3*h - 28. List the prime factors of i.
7
Let w = 62 - -84. What are the prime factors of w?
2, 73
Let y = 11 - 6. Suppose 27 = -4*m + j, -2*m - y*j - 49 = -8. List the prime factors of 0/(-2) - (m + 0).
2
Let g(d) = -4*d**3 - d**2 - d. Let w be g(-1). Let t(b) = 4*b - 2. List the prime factors of t(w).
2, 7
Suppose 3*z - 2 = -4*n, -5*n + 2*n = z - 4. Let y(q) = -8*q**2 + q**3 - 8*q + 0*q**2 - 5 - n*q**3. List the prime factors of y(-7).
2
What are the prime factors of (-7)/(-126)*6 - (-1036)/6?
173
Suppose 3*m = 17 + 4. Let g = m - 4. What are the prime factors of 33/(-9)*(0 - g)?
11
Let k(p) = 19*p - 1. What are the prime factors of k(4)?
3, 5
Let f(j) = 2*j**2 - 6*j - 6. Suppose 3*a = -3*v + 18, v - 23 = -3*v - 3*a. List the prime factors of f(v).
2, 7
Suppose -2*c = 4*m - 252 - 24, -561 = -4*c + m. List the prime factors of c.
2, 5, 7
Suppose 4*i + 0*r = -3*r + 908, 0 = -2*i + r + 454. List the prime factors of i.
227
Let d(m) = m**3 - 3*m**2 - 3*m - 1. Let c be d(4). Suppose 5*o = -c + 28. Let k = o + -1. List the prime factors of k.
2
Let q(i) = -20*i**2 + 2*i - 1. Let z be q(1). Let a be 4/14 + z/(-7). Let x = 8 - a. What are the prime factors of x?
5
Suppose -2*k + k = -3. What are the prime factors of k?
3
Let d(o) = -o**3 - 5*o**2 + 5*o + 7. Let b be d(-6). Suppose 0 = b*f - 10*f - 105. List the prime factors of f.
5, 7
Let a = 159 + -94. What are the prime factors of a?
5, 13
Let s = -34 - -63. Let g be (-12)/54 + s/9. Suppose l = -g*l + 48. What are the prime factors of l?
2, 3
Suppose -5*c + 2*u = -740, -3*c - u = -8*c + 745. What are the prime factors of c?
2, 3, 5
Suppose 2*y + 2*z = -0 + 2, 4*z + 4 = 0. Suppose 5*t + 0*t - y*d = 4, t + 5*d = 17. List the prime factors of t.
2
List the prime factors of (2/(-1))/((-14)/1820).
2, 5, 13
Let s be 1 - 2*(-3)/6. Suppose -5*h + 3*d + 14 = 0, h - 4*d = -s*d. List the prime factors of h.
2
Let d(o) = 2*o**2 - 5*o - 10. What are the prime factors of d(6)?
2
Let y(i) = 3*i - 6. Let r(n) = -n**3 - 5*n**2 - 2*n - 4. Let k be r(-5). Let h be y(k). Suppose 3*x - 3*u - 17 = 2*x, 0 = -4*u - h. List the prime factors of x.
2
Let z(f) be the second derivative of f**4/12 + 4*f**3/3 + 4*f**2 - f. Suppose 3*w + 18 = -6. List the prime factors of z(w).
2
Suppose 12*f = 19*f - 1267. What are the prime factors of f?
181
Suppose 8 = 4*s - 4. Suppose 2*b - s - 3 = 0. Suppose 8*o - b*o = 70. List the prime factors of o.
2, 7
What are the prime factors of (686/4 - 2)/(2/4)?
3, 113
Let s = 97 - 173. Let m = -41 - s. Suppose -3*a = 2*a - 5, -2*a = 3*y - m. List the prime factors of y.
11
Suppose 0 = 3*y - 2 - 10. Suppose y*t - 201 = k, k - 261 = -5*t - 12. What are the prime factors of t?
2, 5
Let g(p) = 3*p**2 + 4*p + 10. Let x(c) = 7*c**2 + 9*c + 19. Let n(r) = 9*g(r) - 4*x(r). Let k be ((-44)/12 - -4)*0. What are the prime factors of n(k)?
2, 7
Let o(k) = -5*k**3 - k**2. Let z be o(-1). Let b(u) = z*u - u - u - 2. What are the prime factors of b(2)?
2
What are the prime factors of 473/4 + 2/(-8)?
2, 59
Suppose -3 = -3*z + 6. Let s = z + -3. Suppose -2*r + 18 = -s*r. List the prime factors of r.
3
What are the prime factors of (3 - (3 + -1))*317?
317
Let f = -13 - -18. Let u be (f/10)/((-2)/8). List the prime factors of (13 + -3)*(-1)/u.
5
Suppose 3*m - 312 = -3*t - 105, 3*m + 337 = 5*t. What are the prime factors of t?
2, 17
Suppose -3*y + 0*y + 6 = 5*s, -s - 2*y = 3. Suppose 0 = -s*u - u + 16. Suppose -